 - 171. Suppose -4*a + 243 + 113 = 0. Let f = a - r. What is the tens digit of f?
3
Let w(r) = -7*r**3 + 5*r**2 + 8*r + 27. Let z be w(-5). Suppose z = -i + 4*i - 4*b, -1316 = -4*i - 3*b. What is the tens digit of i?
2
Suppose -5*a - 3390 = -2*l, -3*l + 3*a + 5135 = 8*a. What is the units digit of l?
5
Suppose -c + 15 = -30. Suppose 0 = k - i - 0*i - c, 0 = 5*i + 20. What is the tens digit of k?
4
Let r = 2515 + -1551. What is the units digit of r?
4
What is the hundreds digit of ((-1314)/(-10))/(18/60) - 3?
4
Suppose -y = 2, 2*t + 7*y - 24 = 2*y. What is the tens digit of t?
1
Let f = -299 + 838. What is the hundreds digit of f?
5
Suppose 136 + 194 = -5*v - 4*p, 0 = -4*v + 5*p - 264. Let m = v + 77. What is the units digit of m?
1
Suppose 0 = 2*v - 4*k - 314, 5*v - 2*k = -0*k + 753. Suppose 0 = -2*x + 4*i + v - 11, 69 = x + 3*i. What is the tens digit of x?
6
Let s(u) = u**3 + u**2 - u - 20. Let v be s(0). Let k be (-24)/(-16)*v/(-6). Suppose 0*t - k*t + 105 = 0. What is the tens digit of t?
2
Let f be ((-13)/26 + 0)*-10. Let w(g) = 2*g**3 - 4*g**2 + 4*g. Let o be w(3). Suppose -f*m + 50 = -o. What is the units digit of m?
6
Suppose 2*o + 696 = 4*o. What is the tens digit of o?
4
Suppose 0 = 2*l - 6, -2*l - l = -4*n + 7. Suppose 15*s - 275 = n*s. What is the tens digit of s?
2
Let o = 8 + -4. Suppose -h = o*h + 40. What is the units digit of (-12)/h + 3/2?
3
Let o = 64 + -45. Let d = -24 - -5. Let k = o - d. What is the units digit of k?
8
Let j = -15 - -17. Suppose 12 = 2*p + j. Suppose -p*t - a = -251, 3*t = t - 5*a + 82. What is the units digit of t?
1
Let v = -1042 - -1361. What is the units digit of v?
9
What is the hundreds digit of (-12)/((-1)/6*48/492)?
7
Let u(x) = 72*x**2 - 2*x + 1. Suppose 0 = -j + y - 2*y - 2, 0 = 3*j + 2*y + 3. What is the units digit of u(j)?
1
Let g = -7 - -11. Let q = g - 1. Suppose 0 = 4*n - q*n + 4*k - 15, -4*n = -4*k - 100. What is the units digit of n?
3
Let p(j) be the second derivative of 0 + 1/2*j**3 + 9/2*j**2 - j. What is the tens digit of p(5)?
2
Let x = 9 + -11. Let m be -2*(x - (-3)/(-6)). Suppose 2*p = -4*v + 54, -m*p + 162 = v + 27. What is the units digit of p?
7
Suppose 23 + 29 = -4*l. Let r(p) = -p**3 - 12*p**2 - 5*p + 14. What is the hundreds digit of r(l)?
2
Let n = 4983 - 1542. What is the hundreds digit of n?
4
Suppose 10*i = 11*i - 2. Suppose -2 = -i*g + 4. Suppose g*m - 90 = -2*m. What is the tens digit of m?
1
Let c be ((-10)/(-3))/((-10)/(-15)). Let o(f) = f - 11. Let z be o(c). What is the units digit of 2/z + (-380)/(-6)?
3
Let u be (-3)/7 + 327/(-21). Let k(o) = o**2 + 14*o + 11. Let i be k(u). Suppose 7 = 5*y - i. What is the units digit of y?
0
Suppose 2*q = 3*r - 6, q - 3*q - 10 = -4*r. Suppose 20 = q*d - 19. What is the units digit of d?
3
Let p(z) = 2*z**2 - z - 1. Let n be p(-1). Let u be 11/(4 - n - 1). Suppose -5*l + u = 3*v - 7, 14 = l - 2*v. What is the units digit of l?
6
Suppose 7*n + 4 + 10 = 0. Let f be 0*n/((-12)/(-2)). Suppose f = 3*x - 5*x + 10. What is the units digit of x?
5
Let q(j) be the first derivative of -3*j**2/2 + 10*j - 4. Let r be q(-7). Suppose -3*x + 7*x = -2*y + 56, -2*y + r = -x. What is the tens digit of y?
1
Let k(h) = 27*h**2 - h - 4. Let o be k(6). Suppose 12*i + i - o = 0. What is the units digit of i?
4
Suppose 0*v + 3*v = 27. Let f(q) = q - 7*q**2 + 12*q**2 - 6*q**2 - 7 + 12*q. What is the units digit of f(v)?
9
Suppose 24 + 0 = 6*c. Suppose 2*s - 4 = 2*x, -3*x = -x - c. Suppose -3*d + 3*t + t + 136 = 0, 4*d + s*t = 200. What is the units digit of d?
8
Suppose -5*b = 3*h - 37, -10 = 3*b - 8*b. Suppose -42 = -f + h. What is the tens digit of f?
5
What is the hundreds digit of 2 + -7 - (-1 - (450 + 0))?
4
Let v(y) = 34*y**3 - 4*y**2 + 35*y - 122. What is the units digit of v(4)?
0
Suppose 25*h = 10859 - 509. What is the tens digit of h?
1
Let o(d) = -d + 25. Let b be o(12). Suppose t + 10 = b. Suppose 2*z + 4 = 0, -t*c + 5*c - 132 = -z. What is the tens digit of c?
6
Suppose 3328 = 7*g - 11*g. What is the units digit of 6*(g/(-12))/8?
2
Let j(v) = -3*v - 41. Let b(n) = 5*n + 82. Let t(u) = 4*b(u) + 7*j(u). What is the tens digit of t(0)?
4
Let o(q) = q**3 - 9*q**2 + 7*q + 5. Let v be o(8). Let r be (2/v)/(1/(-9)). Let k(w) = w**3 - 7*w**2 + 7*w - 3. What is the units digit of k(r)?
3
Let j = 24 - 9. Suppose 3*n = j, 0*v - 2*n - 30 = -v. What is the units digit of v?
0
Let x(s) = s**2 + 4*s + 2. Suppose 3*c = -q + 3 - 16, 3*c = -9. Let j be x(q). What is the tens digit of 1/(j - (-113)/(-57))?
5
Suppose -4*m + 155 = 5*i, -3*m - 110 = -3*i - 2*m. Let y = 9 + i. What is the units digit of y?
4
Suppose 24 = 10*j + 4. Let a(n) = -n**3 - 4*n**2 + 5. Let u be a(-4). Suppose -u*q - w = 3*w - 106, 2*w = -j*q + 42. What is the units digit of q?
2
Suppose -4*s - 152 = -3*o + 795, -3*s = 5*o - 1530. What is the tens digit of o?
0
Let d be (-31*2)/(-2) - 4. Let j be ((-5)/(-3))/(9/d). Let v = 37 - j. What is the units digit of v?
2
Let a = 19 - 10. Suppose p = 2*r - a, r - 6 - 15 = -5*p. Suppose r = z - 29. What is the units digit of z?
5
Let f be (-4)/42*-3 - (-35)/49. What is the units digit of (-27 - f)*6/((-72)/42)?
8
Let s(t) = 255*t + 166. What is the thousands digit of s(16)?
4
Let d(j) = 17*j**2 - j + 37. What is the thousands digit of d(-11)?
2
Let i = -1115 + 1619. What is the units digit of i?
4
Suppose -o = l - 2403, 0 = -3*o + 16*l - 12*l + 7174. What is the thousands digit of o?
2
Let n be (1 - (-3 + 6)) + 1. What is the tens digit of n/(-3) + (-780)/(-36)?
2
Suppose 4*f = -25*f + 21112. What is the units digit of f?
8
Let y = 34 + -13. Let l(t) = t**3 - 21*t**2 + 5*t - 26. What is the units digit of l(y)?
9
Let m = 452 + 308. What is the hundreds digit of m?
7
Suppose -3*b = i - 1136, -7*i - 1141 = -3*b - 9*i. What is the tens digit of b?
7
Let q(g) = -2*g**3 + 2*g**2 - 2*g - 1. Let h = 7 - -1. Let a(w) = -7*w**3 + 5*w**2 - 6*w - 3. Let k(l) = h*q(l) - 3*a(l). What is the tens digit of k(2)?
4
Suppose -10*m + 5*m + 800 = 0. Suppose m = 4*p - 2*j, 5 = -3*j - 7. Let f = p - 2. What is the units digit of f?
6
Let z(y) = -2*y - 6. Let g be z(-10). Suppose -5*f + 6*f = g. What is the tens digit of f?
1
Let k = 24 - 20. What is the units digit of (111 + -5 + 2)*k/6?
2
Suppose 0*z + 604 = 3*f - 2*z, -3*z = 4*f - 794. What is the tens digit of f?
0
Let h = 2254 + -1033. What is the hundreds digit of h?
2
Let k = -21 + 22. Let f(w) = 201*w**2 - 1. Let z be f(k). Suppose -12*r - z = -17*r. What is the tens digit of r?
4
Let q be (-810)/(-36)*(-8)/(-10). Suppose m + 2*m = -q. What is the tens digit of (-158)/m + (-11)/33?
2
Let l(o) = o**2 - 4*o - 10. Let i be l(10). Let a = i - -2. Suppose -2*n - a = -6*n. What is the tens digit of n?
1
Suppose m - 121 = -2*y, -4*y + 138 = 4*m - 354. Let l = m + 15. What is the units digit of l?
0
Suppose 16*j + 140 = 11*j. What is the tens digit of -44*(-7)/(j/(-6))?
6
Let t(n) = 5*n**2 + 205*n - 45. What is the hundreds digit of t(-44)?
6
Suppose 2*l + 108 = -82. Let o = 13 - l. What is the units digit of o?
8
Let k be (327 + -1 - -4) + 2. Suppose -10*h - k = -14*h. What is the tens digit of h?
8
Let f = 19 - 14. Suppose -f*n + 10 = -0*n. What is the units digit of 1/n*(-82)/(-1)?
1
Let f be (-3 - -2)/((-4)/456). Let x = f + -74. Suppose -g = -x - 4. What is the units digit of g?
4
Let q(b) = 6*b + 3. Let r be q(1). Let v(i) = i**3 - 9*i**2 + 2. Let s be v(r). What is the units digit of (-78)/(-6)*s/1?
6
Let n be -4 + 2 - -1 - -3. Suppose n*z + 3*z = -10. What is the units digit of ((-3)/9)/(z/6)?
1
Let w(o) = o**3 + 23*o**2 - o + 8. What is the hundreds digit of w(-22)?
5
Suppose 41*t - 34848 = 25*t. What is the units digit of t?
8
Let s(n) = -16*n + 7. Suppose -3 = 2*j + 3. What is the tens digit of s(j)?
5
Let w = -53 + 91. Let z = 62 - w. What is the units digit of z?
4
Suppose 2*n = 4*n - 70. Let j(i) = 3*i**3 - i**2 - 2. Let w be j(2). Let a = n - w. What is the units digit of a?
7
Let l(q) = 5*q**2 + 3*q + 64. Let m(c) = -4*c**2 - 2*c - 64. Let g(j) = -3*l(j) - 4*m(j). What is the tens digit of g(0)?
6
Suppose 0 = 5*c - 4*k + 5, -4*c - 4*k + 3 = 7. Let r be 4 - (3 + c*4). Suppose r = f - 4. What is the units digit of f?
9
Suppose 0*v - 3*v + 2924 = -4*i, 0 = 5*v - 2*i - 4864. What is the tens digit of v?
7